{"id":7699,"date":"2024-07-14T10:29:31","date_gmt":"2024-07-14T07:29:31","guid":{"rendered":"https:\/\/erkanelibol.com.tr\/leylison\/?page_id=7699"},"modified":"2024-07-18T22:54:26","modified_gmt":"2024-07-18T19:54:26","slug":"kurumsal-kimlik-kilavuzu","status":"publish","type":"page","link":"https:\/\/erkanelibol.com.tr\/leylison\/kurumsal-kimlik-kilavuzu\/","title":{"rendered":"Kurumsal Kimlik K\u0131lavuzu"},"content":{"rendered":"\t\t<div data-elementor-type=\"wp-page\" data-elementor-id=\"7699\" class=\"elementor elementor-7699\">\n\t\t\t\t<div class=\"elementor-element elementor-element-18a9710 e-con-full e-flex wpr-particle-no wpr-jarallax-no wpr-parallax-no wpr-sticky-section-no e-con e-parent\" data-id=\"18a9710\" data-element_type=\"container\">\n\t\t\n\t\t<div class=\"elementor-element elementor-element-3e89f36 elementor-widget elementor-widget-image\" data-id=\"3e89f36\" data-element_type=\"widget\" data-widget_type=\"image.default\">\n\t\t\t\t<div class=\"elementor-widget-container\">\n\t\t\t<style>\/*! elementor - v3.23.0 - 05-08-2024 *\/\n.elementor-widget-image{text-align:center}.elementor-widget-image a{display:inline-block}.elementor-widget-image a img[src$=\".svg\"]{width:48px}.elementor-widget-image img{vertical-align:middle;display:inline-block}<\/style>\t\t\t\t\t\t\t\t\t\t<img decoding=\"async\" src=\"https:\/\/erkanelibol.com.tr\/leylison\/wp-content\/uploads\/elementor\/thumbs\/kurumsaldosya-scaled-qr3841jopldq0cmqgbeuzt2ozc969jxz4g7hg04w80.jpg\" title=\"kurumsaldosya\" alt=\"kurumsaldosya\" loading=\"lazy\" \/>\t\t\t\t\t\t\t\t\t\t\t\t\t<\/div>\n\t\t\t\t<\/div>\n\t\t\t\t<\/div>\n\t\t\t\t<section class=\"elementor-section elementor-top-section elementor-element elementor-element-e9ef306 elementor-section-stretched elementor-section-boxed elementor-section-height-default elementor-section-height-default wpr-particle-no wpr-jarallax-no wpr-parallax-no wpr-sticky-section-no\" data-id=\"e9ef306\" data-element_type=\"section\" data-settings=\"{&quot;stretch_section&quot;:&quot;section-stretched&quot;,&quot;background_background&quot;:&quot;classic&quot;}\">\n\t\t\t\t\t\t<div class=\"elementor-container elementor-column-gap-no\">\n\t\t\t\t\t<div class=\"elementor-column elementor-col-100 elementor-top-column elementor-element elementor-element-5369442\" data-id=\"5369442\" data-element_type=\"column\" data-settings=\"{&quot;background_background&quot;:&quot;classic&quot;}\">\n\t\t\t<div class=\"elementor-widget-wrap elementor-element-populated\">\n\t\t\t\t\t\t<div class=\"elementor-element elementor-element-9cf020d elementor-widget elementor-widget-ova_heading\" data-id=\"9cf020d\" data-element_type=\"widget\" data-widget_type=\"ova_heading.default\">\n\t\t\t\t<div class=\"elementor-widget-container\">\n\t\t\t\t\t<div class=\"ova-heading\">\n\t\t\t\n\t\t\t\t\t\t\t<h3 class=\"title second_font\">Kurumsal Kimlik<\/h3>\n\t\t\t\n\t\t\t\n\t\t<\/div>\n\t\t\t\t<\/div>\n\t\t\t\t<\/div>\n\t\t\t\t\t<\/div>\n\t\t<\/div>\n\t\t\t\t\t<\/div>\n\t\t<\/section>\n\t\t<div class=\"elementor-element elementor-element-1d77e6d e-flex e-con-boxed wpr-particle-no wpr-jarallax-no wpr-parallax-no wpr-sticky-section-no e-con e-parent\" data-id=\"1d77e6d\" data-element_type=\"container\">\n\t\t\t\t\t<div class=\"e-con-inner\">\n\t\t\t\t<div class=\"elementor-element elementor-element-37974d3 elementor-widget elementor-widget-text-editor\" data-id=\"37974d3\" data-element_type=\"widget\" data-widget_type=\"text-editor.default\">\n\t\t\t\t<div class=\"elementor-widget-container\">\n\t\t\t<style>\/*! elementor - v3.23.0 - 05-08-2024 *\/\n.elementor-widget-text-editor.elementor-drop-cap-view-stacked .elementor-drop-cap{background-color:#69727d;color:#fff}.elementor-widget-text-editor.elementor-drop-cap-view-framed .elementor-drop-cap{color:#69727d;border:3px solid;background-color:transparent}.elementor-widget-text-editor:not(.elementor-drop-cap-view-default) .elementor-drop-cap{margin-top:8px}.elementor-widget-text-editor:not(.elementor-drop-cap-view-default) .elementor-drop-cap-letter{width:1em;height:1em}.elementor-widget-text-editor .elementor-drop-cap{float:left;text-align:center;line-height:1;font-size:50px}.elementor-widget-text-editor .elementor-drop-cap-letter{display:inline-block}<\/style>\t\t\t\t<p>Kurumlar da t\u0131pk\u0131 insanlar gibi bir kimli\u011fe sahiptir. Nas\u0131l ki insanlar kimlikleriyle birbirlerinden ay\u0131rt ediliyorsa, kurumlar da kimlikleri sayesinde di\u011ferlerinden ay\u0131rt edilebilir ve farklar\u0131n\u0131 ortaya koyabilir.<\/p><p>Kurumsal kimlik; kurumun kim oldu\u011funu, ne oldu\u011funu, \u00e7evrenin ve d\u00fcnyan\u0131n onu nas\u0131l g\u00f6rd\u00fc\u011f\u00fcn\u00fc belirlemektedir. Kurumsal kimlik, kurum felsefesi, kurumsal davran\u0131\u015f, kurumsal ileti\u015fim ve kurumsal tasar\u0131 gibi \u00f6\u011feleri i\u00e7erir.<\/p><p>Ba\u015far\u0131l\u0131 bir imaj\u0131n arkas\u0131nda ba\u015far\u0131l\u0131 bir kurum kimli\u011fi vard\u0131r. Ba\u015far\u0131l\u0131 bir kurum kimli\u011fi de sadece iyi bir g\u00f6rsel tan\u0131t\u0131m sayesinde de\u011fil, kurum felsefesi, kurumsal davran\u0131\u015f, kurumsal tasar\u0131m ve kurumsal ileti\u015fimin bile\u015fkesinden ve bu unsurlar\u0131n en do\u011fru bi\u00e7imde hedef kitleye aktar\u0131m\u0131ndan olu\u015fmaktad\u0131r.<\/p><p>Bu do\u011frultuda kurumsal ileti\u015fim, kurumsal davran\u0131\u015f ve g\u00f6rsel detaylarLeyli Sanat Derne\u011fi&#8217;nin kurumsal kimli\u011fini olu\u015fturmakta olup \u201cLEYL\u0130-DER Kurumsal Kimlik Klavuzu\u201d ileti\u015fim faaliyetlerindeki en \u00f6nemli ara\u00e7t\u0131r.<\/p>\t\t\t\t\t\t<\/div>\n\t\t\t\t<\/div>\n\t\t\t\t\t<\/div>\n\t\t\t\t<\/div>\n\t\t\t\t<section class=\"elementor-section elementor-top-section elementor-element elementor-element-8623e01 elementor-section-boxed elementor-section-height-default elementor-section-height-default wpr-particle-no wpr-jarallax-no wpr-parallax-no wpr-sticky-section-no\" data-id=\"8623e01\" data-element_type=\"section\" data-settings=\"{&quot;background_background&quot;:&quot;classic&quot;}\">\n\t\t\t\t\t\t<div class=\"elementor-container elementor-column-gap-default\">\n\t\t\t\t\t<div class=\"elementor-column elementor-col-100 elementor-top-column elementor-element elementor-element-cb99764\" data-id=\"cb99764\" data-element_type=\"column\" data-settings=\"{&quot;background_background&quot;:&quot;classic&quot;}\">\n\t\t\t<div class=\"elementor-widget-wrap elementor-element-populated\">\n\t\t\t\t\t\t<div class=\"elementor-element elementor-element-d9a0fc8 eael-dt-th-align-center elementor-widget elementor-widget-eael-data-table\" data-id=\"d9a0fc8\" data-element_type=\"widget\" data-widget_type=\"eael-data-table.default\">\n\t\t\t\t<div class=\"elementor-widget-container\">\n\t\t\t<style>\n\t\t\t@media (max-width: 767px) {\n\t\t\t   #eael-data-table-wrapper-d9a0fc8.custom-responsive-option-enable .eael-data-table thead {\n                    display: none;\n               }\n               #eael-data-table-wrapper-d9a0fc8.custom-responsive-option-enable .eael-data-table tbody tr td {\n                    float: none;\n                    clear: left;\n                    width: 100%;\n                    text-align: left;\n                    display: flex;\n                    align-items: center;\n                }\n\t\t\t}\n\t\t\t<\/style>\t\t<div class=\"eael-data-table-wrap custom-responsive-option-enable\" data-table_id=\"d9a0fc8\" id=\"eael-data-table-wrapper-d9a0fc8\" data-custom_responsive=\"true\">\n\t\t\t<table class=\"tablesorter eael-data-table \" id=\"eael-data-table-d9a0fc8\">\n\t\t\t    <thead>\n\t\t\t        <tr class=\"table-header\">\n\t\t\t\t\t\t\t\t\t            <th class=\"\" id=\"\" colspan=\"\">\n\t\t\t\t\t\t\t\t\t\t\t\t\t\t<span class=\"data-table-header-text\">Dosya \u0130smi<\/span><\/th>\n\t\t\t        \t\t\t\t            <th class=\"\" id=\"\" colspan=\"\">\n\t\t\t\t\t\t\t\t\t\t\t\t\t\t<span class=\"data-table-header-text\">\u0130ndirme Linki<\/span><\/th>\n\t\t\t        \t\t\t\t        <\/tr>\n\t\t\t    <\/thead>\n\t\t\t  \t<tbody>\n\t\t\t\t\t\t\t\t\t\t\t<tr>\n\t\t\t\t\t\t\t\t\t\t\t\t\t\t\t\t   \t\t\t\t\t\t\t\t\t\t\t<td colspan=\"\" rowspan=\"\" class=\"\" id=\"\">\n\t\t\t\t\t\t\t\t\t\t\t\t<div class=\"td-content-wrapper\"><div class=\"td-content\">LEYL\u0130-DER Kurumsal Kimlik K\u0131lavuzu<\/div><\/div>\n\t\t\t\t\t\t\t\t\t\t\t<\/td>\n\t\t\t\t\t\t\t\t\t\t\t\t\t\t\t\t\t\t\t\t\t\t\t\t\t\t\t\t\t   \t\t\t\t\t\t\t\t\t\t\t<td colspan=\"\" rowspan=\"\" class=\"\" id=\"\">\n\t\t\t\t\t\t\t\t\t\t\t\t<div class=\"td-content-wrapper\">\n\t\t\t\t\t\t\t\t\t\t\t\t\t<a href=\"https:\/\/erkanelibol.com.tr\/leylison\/wp-content\/uploads\/2024\/07\/Leylider-Kurumsal-Kimlik-Kilavuzu.pdf\"  >\u0130ndir<\/a>\n\t\t\t\t\t\t\t\t\t\t\t\t<\/div>\n\t\t\t\t\t\t\t\t\t\t\t<\/td>\n\n\t\t\t\t\t\t\t\t\t\t\t\t\t\t\t\t\t\t\t\t\t\t\t\t\t\t<\/tr>\n\t\t\t        \t\t\t\t\t\t<tr>\n\t\t\t\t\t\t\t\t\t\t\t\t\t\t\t\t   \t\t\t\t\t\t\t\t\t\t\t<td colspan=\"\" rowspan=\"\" class=\"\" id=\"\">\n\t\t\t\t\t\t\t\t\t\t\t\t<div class=\"td-content-wrapper\"><div class=\"td-content\">LEYL\u0130-DER Kullan\u0131m \u0130\u00e7in Logo Dosyas\u0131<\/div><\/div>\n\t\t\t\t\t\t\t\t\t\t\t<\/td>\n\t\t\t\t\t\t\t\t\t\t\t\t\t\t\t\t\t\t\t\t\t\t\t\t\t\t\t\t\t   \t\t\t\t\t\t\t\t\t\t\t<td colspan=\"\" rowspan=\"\" class=\"\" id=\"\">\n\t\t\t\t\t\t\t\t\t\t\t\t<div class=\"td-content-wrapper\">\n\t\t\t\t\t\t\t\t\t\t\t\t\t<a href=\"https:\/\/erkanelibol.com.tr\/leylison\/wp-content\/uploads\/2024\/07\/leyli_sanat_derneg\u0306i_logo.zip\"  >\u0130ndir<\/a>\n\t\t\t\t\t\t\t\t\t\t\t\t<\/div>\n\t\t\t\t\t\t\t\t\t\t\t<\/td>\n\n\t\t\t\t\t\t\t\t\t\t\t\t\t\t\t\t\t\t\t\t\t\t\t\t\t\t<\/tr>\n\t\t\t        \t\t\t    <\/tbody>\n\t\t\t<\/table>\n\t\t<\/div>\n\t  \t\t\t<\/div>\n\t\t\t\t<\/div>\n\t\t\t\t\t<\/div>\n\t\t<\/div>\n\t\t\t\t\t<\/div>\n\t\t<\/section>\n\t\t\t\t<\/div>\n\t\t","protected":false},"excerpt":{"rendered":"<p>Kurumsal Kimlik Kurumlar da t\u0131pk\u0131 insanlar gibi bir kimli\u011fe sahiptir. Nas\u0131l ki insanlar kimlikleriyle birbirlerinden ay\u0131rt ediliyorsa, kurumlar da kimlikleri sayesinde di\u011ferlerinden ay\u0131rt edilebilir ve farklar\u0131n\u0131 ortaya koyabilir. Kurumsal kimlik; kurumun kim oldu\u011funu, ne oldu\u011funu, \u00e7evrenin ve d\u00fcnyan\u0131n onu nas\u0131l g\u00f6rd\u00fc\u011f\u00fcn\u00fc belirlemektedir. Kurumsal kimlik, kurum felsefesi, kurumsal davran\u0131\u015f, kurumsal ileti\u015fim ve kurumsal tasar\u0131 gibi \u00f6\u011feleri i\u00e7erir. Ba\u015far\u0131l\u0131 bir imaj\u0131n arkas\u0131nda ba\u015far\u0131l\u0131 bir kurum kimli\u011fi vard\u0131r. Ba\u015far\u0131l\u0131 bir kurum kimli\u011fi de sadece iyi bir g\u00f6rsel tan\u0131t\u0131m sayesinde de\u011fil, kurum felsefesi, kurumsal davran\u0131\u015f, kurumsal tasar\u0131m ve kurumsal ileti\u015fimin bile\u015fkesinden ve bu unsurlar\u0131n en do\u011fru bi\u00e7imde hedef kitleye aktar\u0131m\u0131ndan olu\u015fmaktad\u0131r. Bu do\u011frultuda kurumsal ileti\u015fim, kurumsal davran\u0131\u015f ve g\u00f6rsel detaylarLeyli Sanat Derne\u011fi&#8217;nin kurumsal kimli\u011fini olu\u015fturmakta olup \u201cLEYL\u0130-DER Kurumsal Kimlik Klavuzu\u201d ileti\u015fim faaliyetlerindeki en \u00f6nemli ara\u00e7t\u0131r. Dosya \u0130smi \u0130ndirme Linki LEYL\u0130-DER Kurumsal Kimlik K\u0131lavuzu \u0130ndir LEYL\u0130-DER Kullan\u0131m \u0130\u00e7in Logo Dosyas\u0131 \u0130ndir<\/p>\n","protected":false},"author":1,"featured_media":0,"parent":0,"menu_order":0,"comment_status":"closed","ping_status":"closed","template":"elementor_header_footer","meta":{"_piecal_is_event":false,"_piecal_start_date":"","_piecal_end_date":"","_piecal_is_allday":false,"footnotes":""},"class_list":["post-7699","page","type-page","status-publish","hentry"],"jetpack_sharing_enabled":true,"rttpg_featured_image_url":null,"rttpg_author":{"display_name":"Leyli Sanat Derne\u011fi","author_link":"https:\/\/erkanelibol.com.tr\/leylison\/author\/superadmin\/"},"rttpg_comment":0,"rttpg_category":" <a href=\"https:\/\/erkanelibol.com.tr\/leylison\/\" rel=\"tag\">T\u00fcrk\u00e7e<\/a>","rttpg_excerpt":"Kurumsal Kimlik Kurumlar da t\u0131pk\u0131 insanlar gibi bir kimli\u011fe sahiptir. Nas\u0131l ki insanlar kimlikleriyle birbirlerinden ay\u0131rt ediliyorsa, kurumlar da kimlikleri sayesinde di\u011ferlerinden ay\u0131rt edilebilir ve farklar\u0131n\u0131 ortaya koyabilir. Kurumsal kimlik; kurumun kim oldu\u011funu, ne oldu\u011funu, \u00e7evrenin ve d\u00fcnyan\u0131n onu nas\u0131l g\u00f6rd\u00fc\u011f\u00fcn\u00fc belirlemektedir. Kurumsal kimlik, kurum felsefesi, kurumsal davran\u0131\u015f, kurumsal ileti\u015fim ve kurumsal tasar\u0131 gibi \u00f6\u011feleri&hellip;","_links":{"self":[{"href":"https:\/\/erkanelibol.com.tr\/leylison\/wp-json\/wp\/v2\/pages\/7699","targetHints":{"allow":["GET"]}}],"collection":[{"href":"https:\/\/erkanelibol.com.tr\/leylison\/wp-json\/wp\/v2\/pages"}],"about":[{"href":"https:\/\/erkanelibol.com.tr\/leylison\/wp-json\/wp\/v2\/types\/page"}],"author":[{"embeddable":true,"href":"https:\/\/erkanelibol.com.tr\/leylison\/wp-json\/wp\/v2\/users\/1"}],"replies":[{"embeddable":true,"href":"https:\/\/erkanelibol.com.tr\/leylison\/wp-json\/wp\/v2\/comments?post=7699"}],"version-history":[{"count":8,"href":"https:\/\/erkanelibol.com.tr\/leylison\/wp-json\/wp\/v2\/pages\/7699\/revisions"}],"predecessor-version":[{"id":7953,"href":"https:\/\/erkanelibol.com.tr\/leylison\/wp-json\/wp\/v2\/pages\/7699\/revisions\/7953"}],"wp:attachment":[{"href":"https:\/\/erkanelibol.com.tr\/leylison\/wp-json\/wp\/v2\/media?parent=7699"}],"curies":[{"name":"wp","href":"https:\/\/api.w.org\/{rel}","templated":true}]}}